3, 61, 119851
What are the prime factors of 14231217?
3, 7, 11, 13, 677
What are the prime factors of 393424?
2, 67, 367
List the prime factors of 36528.
2, 3, 761
List the prime factors of 7480084.
2, 1870021
What are the prime factors of 845585?
5, 13, 13009
List the prime factors of 299797.
409, 733
What are the prime factors of 149480?
2, 5, 37, 101
List the prime factors of 207899.
127, 1637
List the prime factors of 69473.
69473
List the prime factors of 1888874.
2, 13, 72649
What are the prime factors of 5834592?
2, 3, 2251
What are the prime factors of 1649243?
1649243
What are the prime factors of 30538725?
3, 5, 7, 58169
What are the prime factors of 1802823?
3, 11, 54631
What are the prime factors of 22055787?
3, 13, 31, 2027
List the prime factors of 3395413.
7, 485059
What are the prime factors of 272866?
2, 11, 79, 157
List the prime factors of 169882.
2, 29, 101
List the prime factors of 270851.
7, 38693
What are the prime factors of 6673053?
3, 379, 5869
What are the prime factors of 1851690?
2, 3, 5, 61723
What are the prime factors of 16128985?
5, 73, 44189
List the prime factors of 2645278.
2, 37, 35747
List the prime factors of 2629665.
3, 5, 43, 151
What are the prime factors of 149952?
2, 3, 11, 71
List the prime factors of 215672.
2, 26959
List the prime factors of 2851580.
2, 5, 17, 8387
List the prime factors of 1048035.
3, 5, 109, 641
List the prime factors of 8144745.
3, 5, 7, 77569
What are the prime factors of 180486?
2, 3, 37, 271
List the prime factors of 274096.
2, 37, 463
List the prime factors of 722996.
2, 180749
List the prime factors of 24593932.
2, 11, 41, 13633
List the prime factors of 1580205.
3, 5, 11, 61, 157
List the prime factors of 5589718.
2, 83, 151, 223
What are the prime factors of 539039?
539039
What are the prime factors of 335398?
2, 7, 23957
List the prime factors of 3392771.
3392771
List the prime factors of 189439.
189439
List the prime factors of 154330.
2, 5, 11, 23, 61
List the prime factors of 614767.
23, 26729
List the prime factors of 9397324.
2, 19, 53, 2333
What are the prime factors of 681570?
2, 3, 5, 7573
List the prime factors of 638234.
2, 319117
What are the prime factors of 143600?
2, 5, 359
List the prime factors of 8752007.
11, 457, 1741
What are the prime factors of 113282?
2, 13, 4357
What are the prime factors of 330338?
2, 331, 499
What are the prime factors of 294595?
5, 7, 19, 443
What are the prime factors of 5731584?
2, 3, 17, 439
What are the prime factors of 930247?
599, 1553
List the prime factors of 16908375.
3, 5, 11, 4099
What are the prime factors of 9947181?
3, 3315727
List the prime factors of 82619.
82619
List the prime factors of 748171.
29, 25799
List the prime factors of 3221991.
3, 47, 2539
List the prime factors of 3702948.
2, 3, 19, 109, 149
List the prime factors of 723455.
5, 257, 563
What are the prime factors of 13604225?
5, 211, 2579
List the prime factors of 1570357.
1570357
What are the prime factors of 2103653?
2103653
What are the prime factors of 1084348?
2, 113, 2399
What are the prime factors of 3512700?
2, 3, 5, 1301
List the prime factors of 4322600.
2, 5, 21613
List the prime factors of 410719.
31, 13249
What are the prime factors of 4816699?
839, 5741
List the prime factors of 4109760.
2, 3, 5, 1427
List the prime factors of 8681341.
8681341
List the prime factors of 170376.
2, 3, 31, 229
What are the prime factors of 616338?
2, 3, 97, 353
What are the prime factors of 7505196?
2, 3, 61, 10253
What are the prime factors of 786656?
2, 13, 31, 61
List the prime factors of 32289754.
2, 7, 839, 2749
List the prime factors of 308977.
31, 9967
What are the prime factors of 346207?
346207
What are the prime factors of 15878906?
2, 53, 59, 2539
List the prime factors of 29136861.
3, 13, 17, 19, 257
List the prime factors of 10222230.
2, 3, 5, 127, 2683
What are the prime factors of 52729?
67, 787
List the prime factors of 305555.
5, 23, 2657
What are the prime factors of 527998?
2, 41, 47, 137
List the prime factors of 3768070.
2, 5, 376807
List the prime factors of 2574642.
2, 3, 7, 59, 1039
What are the prime factors of 84518?
2, 7, 6037
What are the prime factors of 591401?
47, 12583
List the prime factors of 24818831.
71, 101, 3461
List the prime factors of 3880045.
5, 13, 59693
What are the prime factors of 1167953?
1167953
List the prime factors of 95702.
2, 109, 439
What are the prime factors of 23148892?
2, 13, 367, 1213
What are the prime factors of 808769?
13, 62213
List the prime factors of 576486.
2, 3, 32027
List the prime factors of 306480.
2, 3, 5, 1277
List the prime factors of 14580721.
14580721
What are the prime factors of 10291809?
3, 11, 37, 8429
List the prime factors of 564041.
564041
What are the prime factors of 331946?
2, 269, 617
List the prime factors of 214140.
2, 3, 5, 43, 83
What are the prime factors of 910781?
910781
What are the prime factors of 13587445?
5, 61, 44549
What are the prime factors of 2160333?
3, 7, 53, 647
List the prime factors of 3602125.
5, 28817
List the prime factors of 91771.
91771
What are the prime factors of 9556002?
2, 3, 271, 653
List the prime factors of 2389401.
3, 7, 17, 23, 97
What are the prime factors of 319266?
2, 3, 17737
List the prime factors of 12008.
2, 19, 79
What are the prime factors of 55712?
2, 1741
What are the prime factors of 42226?
2, 43, 491
What are the prime factors of 1698723?
3, 13, 14519
What are the prime factors of 1599296?
2, 24989
What are the prime factors of 1214480?
2, 5, 17, 19, 47
What are the prime factors of 659873?
659873
What are the prime factors of 646510?
2, 5, 17, 3803
What are the prime factors of 15452103?
3, 5150701
List the prime factors of 5077184.
2, 7, 1619
What are the prime factors of 36103923?
3, 223, 17989
List the prime factors of 8087845.
5, 1617569
List the prime factors of 3252177.
3, 23, 5237
List the prime factors of 350900.
2, 5, 11, 29
What are the prime factors of 7447071?
3, 17, 146021
What are the prime factors of 1734783?
3, 83, 6967
List the prime factors of 58274.
2, 29137
What are the prime factors of 1239915?
3, 5, 131, 631
List the prime factors of 3490736.
2, 218171
What are the prime factors of 1059556?
2, 264889
List the prime factors of 7289508.
2, 3, 661, 919
What are the prime factors of 3561790?
2, 5, 61, 5839
List the prime factors of 2530077.
3, 11, 43, 1783
What are the prime factors of 6028668?
2, 3, 23, 809
What are the prime factors of 230256?
2, 3, 13, 41
What are the prime factors of 10456240?
2, 5, 29, 4507
What are the prime factors of 73073?
7, 11, 13, 73
List the prime factors of 610197.
3, 7, 593
What are the prime factors of 190256?
2, 11, 23, 47
What are the prime factors of 3496259?
13, 131, 2053
List the prime factors of 924356.
2, 179, 1291
What are the prime factors of 2451077?
17, 31, 4651
List the prime factors of 592842.
2, 3, 98807
List the prime factors of 2869013.
7, 61, 6719
List the prime factors of 22300775.
5, 7, 19, 353
What are the prime factors of 81845?
5, 16369
List the prime factors of 8335456.
2, 260483
What are the prime factors of 80177?
80177
What are the prime factors of 376127?
376127
What are the prime factors of 5247756?
2, 3, 145771
List the prime factors of 5052030.
2, 3, 5, 47, 3583
List the prime factors of 4605934.
2, 23, 100129
List the prime factors of 215075.
5, 7, 1229
What are the prime factors of 253319?
11, 23029
What are the prime factors of 202784?
2, 6337
What are the prime factors of 185873?
185873
List the prime factors of 406959.
3, 7, 19379
List the prime factors of 26396583.
3, 29, 303409
What are the prime factors of 1372884?
2, 3, 114407
List the prime factors of 314778.
2, 3, 23, 2281
What are the prime factors of 1302904?
2, 23, 73, 97
What are the prime factors of 9310259?
7, 59, 22543
List the prime factors of 1086273.
3, 137, 881
What are the prime factors of 126920?
2, 5, 19, 167
List the prime factors of 2776172.
2, 7, 99149
What are the prime factors of 231543?
3, 13, 1979
What are the prime factors of 22740563?
523, 43481
What are the prime factors of 2370657?
3, 790219
What are the prime factors of 62045?
5, 12409
List the prime factors of 288025.
5, 41, 281
List the prime factors of 1046802.
2, 3, 174467
What are the prime fa